{"id":292,"date":"2021-05-20T13:19:11","date_gmt":"2021-05-20T13:19:11","guid":{"rendered":"http:\/\/hm-bauunternehmen.de\/?page_id=292"},"modified":"2024-12-05T09:36:33","modified_gmt":"2024-12-05T09:36:33","slug":"karriere-jobs","status":"publish","type":"page","link":"https:\/\/hm-bauunternehmen.de\/?page_id=292","title":{"rendered":"Ausbildung &#038; Karriere"},"content":{"rendered":"\n<p><\/p>\n\n\n\n<h3 class=\"wp-block-heading\"><strong><mark style=\"background-color:rgba(0, 0, 0, 0)\" class=\"has-inline-color has-vivid-cyan-blue-color\">Ausbildung zum Tief-\/Stra\u00dfenbauer (m\/w\/d)<\/mark><\/strong><\/h3>\n\n\n\n<p><br>Herstellen von Stra\u00dfenunterbau, Belag von Stra\u00dfen, Wegen und Pl\u00e4tzen, Instandhalten von Verkehrswegen, Bodenmassen l\u00f6sen, transportieren, planieren und verdichten, Einsetzen von Bagger, Raupen und Walzen, Ausf\u00fchren von Pflasterarbeiten und Herstellen von Randbefestigungen, B\u00f6schungen und Entw\u00e4sserungsgr\u00e4ben,<\/p>\n\n\n\n<p>Ausbildungsdauer:&nbsp;3 Jahre = 2-Stufenausbildung (2 Jahre zum Tiefbaufacharbeiter + 1 Jahr zum Stra\u00dfenbauer) <\/p>\n\n\n\n<p>Aus\u00fcbungsorte:\u00a0Baustellen der HM Bauunternehmen GmbH und \u00dcberbetriebliche Ausbildung \u2013 BiW Erfurt Berufsschule:\u00a01.- 3. Lehrjahr in Weimar<\/p>\n\n\n\n<p>Bewerbungsform:&nbsp; Schriftliche Bewerbung mit Lebenslauf und Abschlusszeugnis<\/p>\n\n\n\n<p><\/p>\n\n\n\n<h3 class=\"wp-block-heading\"><strong><span class=\"has-inline-color has-vivid-cyan-blue-color\">Ausbildung zum Rohrleitungsbauer  (m\/w\/d)<\/span><\/strong><\/h3>\n\n\n\n<p><br>Herstellen, verlegen und montieren von Druckleitungen. Herstellung von Rohrleitungssystemen f\u00fcr Wasser, Gas, \u00d6l oder Fernw\u00e4rme.<\/p>\n\n\n\n<p>Ausbildungsdauer:&nbsp;3 Jahre <\/p>\n\n\n\n<p>Aus\u00fcbungsorte:\u00a0Baustellen der HM Bauunternehmen GmbH und Bildungswerk BAU Hessen-Th\u00fcringen e.V.-BZO Gera in Form der \u00fcberbetrieblichen Ausbildung und Berufschulunterricht<\/p>\n\n\n\n<p>Bewerbungsform:&nbsp; Schriftliche Bewerbung mit Lebenslauf und Abschlusszeugnis<\/p>\n\n\n\n<h3 class=\"wp-block-heading\"><strong><span class=\"has-inline-color has-vivid-cyan-blue-color\">Festanstellung Tief- \/ Kanalbauer  (m\/w\/d)<\/span><\/strong><\/h3>\n\n\n\n<p><\/p>\n\n\n\n<ul class=\"wp-block-list\">\n<li>Branchentypische T\u00e4tigkeit auf regionalen <\/li>\n\n\n\n<li>Verlegung und Installation von Rohren\/ Kan\u00e4len <\/li>\n\n\n\n<li>Tiefbauarbeiten f\u00fcr Gas- \/ Strom- \/ Trinkwasserleitungen<\/li>\n\n\n\n<li>Herstellen von Oberfl\u00e4chenfl\u00e4chenbefestigungen<\/li>\n<\/ul>\n\n\n\n<p>Aus\u00fcbungsorte:\u00a0Baustellen der HM Bauunternehmen GmbH im regionalen Bereich<\/p>\n\n\n\n<p>W\u00fcnschenswert:<\/p>\n\n\n\n<ul class=\"wp-block-list\">\n<li>F\u00fchrerschein (mind. Klasse B)<\/li>\n\n\n\n<li>Ausbildung im Tief- oder Kanalbau oder artverwandten Berufen<\/li>\n\n\n\n<li>Handwerkliches Geschick und Teamf\u00e4higkeit<\/li>\n\n\n\n<li>Pr\u00e4zise und Selbstst\u00e4ndige Arbeitsweise<\/li>\n\n\n\n<li>K\u00f6rperliche Belastbarkeit und Flexibilit\u00e4t<\/li>\n<\/ul>\n\n\n\n<p>Wir bieten:<\/p>\n\n\n\n<ul class=\"wp-block-list\">\n<li>ein famili\u00e4r gef\u00fchrtes Unternehmen mit flachen Hierarchien ohne b\u00fcrokratische Barrieren <\/li>\n\n\n\n<li>eine leistungsgerechte Verg\u00fctung<\/li>\n\n\n\n<li>moderne Technik und ein innovatives Arbeitsumfeld<\/li>\n\n\n\n<li>Weiterbildungsm\u00f6glichkeiten<\/li>\n\n\n\n<li>Betriebliche Altersvorsorge und Erholungsbeihilfe<\/li>\n\n\n\n<li>Betriebsfeiern<\/li>\n<\/ul>\n\n\n\n<p><\/p>\n\n\n\n<p>Bewerbungsform:&nbsp; Schriftliche Bewerbung mit Lebenslauf und Abschlusszeugnis<\/p>\n\n\n\n<p><\/p>\n\n\n\n<p><\/p>\n","protected":false},"excerpt":{"rendered":"<p>Ausbildung zum Tief-\/Stra\u00dfenbauer (m\/w\/d) Herstellen von Stra\u00dfenunterbau, Belag von Stra\u00dfen, Wegen und Pl\u00e4tzen, Instandhalten von Verkehrswegen, Bodenmassen l\u00f6sen, transportieren, planieren und verdichten, Einsetzen von Bagger, Raupen und Walzen, Ausf\u00fchren von Pflasterarbeiten und Herstellen von Randbefestigungen, B\u00f6schungen und Entw\u00e4sserungsgr\u00e4ben, Ausbildungsdauer:&nbsp;3 Jahre = 2-Stufenausbildung (2 Jahre zum Tiefbaufacharbeiter + 1 Jahr zum Stra\u00dfenbauer) Aus\u00fcbungsorte:\u00a0Baustellen der HM Bauunternehmen &hellip; <\/p>\n<p class=\"link-more\"><a href=\"https:\/\/hm-bauunternehmen.de\/?page_id=292\" class=\"more-link\"><span class=\"screen-reader-text\">\u201eAusbildung &#038; Karriere\u201c<\/span> weiterlesen<\/a><\/p>\n","protected":false},"author":1,"featured_media":0,"parent":0,"menu_order":0,"comment_status":"closed","ping_status":"closed","template":"","meta":{"footnotes":""},"class_list":["post-292","page","type-page","status-publish","hentry"],"_links":{"self":[{"href":"https:\/\/hm-bauunternehmen.de\/index.php?rest_route=\/wp\/v2\/pages\/292","targetHints":{"allow":["GET"]}}],"collection":[{"href":"https:\/\/hm-bauunternehmen.de\/index.php?rest_route=\/wp\/v2\/pages"}],"about":[{"href":"https:\/\/hm-bauunternehmen.de\/index.php?rest_route=\/wp\/v2\/types\/page"}],"author":[{"embeddable":true,"href":"https:\/\/hm-bauunternehmen.de\/index.php?rest_route=\/wp\/v2\/users\/1"}],"replies":[{"embeddable":true,"href":"https:\/\/hm-bauunternehmen.de\/index.php?rest_route=%2Fwp%2Fv2%2Fcomments&post=292"}],"version-history":[{"count":11,"href":"https:\/\/hm-bauunternehmen.de\/index.php?rest_route=\/wp\/v2\/pages\/292\/revisions"}],"predecessor-version":[{"id":362,"href":"https:\/\/hm-bauunternehmen.de\/index.php?rest_route=\/wp\/v2\/pages\/292\/revisions\/362"}],"wp:attachment":[{"href":"https:\/\/hm-bauunternehmen.de\/index.php?rest_route=%2Fwp%2Fv2%2Fmedia&parent=292"}],"curies":[{"name":"wp","href":"https:\/\/api.w.org\/{rel}","templated":true}]}}